222 = 0. What is the thousands digit of o?
4
Let i(o) = -42*o - 298. What is the units digit of i(-23)?
8
Suppose 0 = f - 3*h, -5*h + 4 + 12 = f. Suppose 0 = -11*n + f*n + 45. What is the units digit of n?
9
What is the units digit of 516*30/9*1?
0
Let d = -780 + 432. Let v = -199 - d. What is the tens digit of v?
4
Suppose 1683 + 399 = 2*a. What is the tens digit of a?
4
Suppose -3*r = -3*p, 7*p - 3*r = 2*p + 6. Let h = 200 + -198. Suppose 0 = j - h*j + p*k + 10, 0 = -j - k + 22. What is the units digit of j?
9
Suppose 5*l = 2*l + 444. Let w = l - 19. What is the tens digit of w?
2
Suppose -o + 4 = 1. Suppose 3*p = -4*u - 22, -o*u = 5*p + 2*u + 40. What is the units digit of (-2)/p + 54/5?
1
Let c = -8059 + 13862. What is the hundreds digit of c?
8
Let r(y) be the third derivative of y**5/60 + 13*y**4/24 - 8*y**3/3 + 3*y**2. What is the units digit of r(-18)?
4
Suppose -3*z - 3*y = -519, 3*y + 153 = z - 0*y. What is the units digit of z?
8
Suppose -4*l = 4*r - 3*r + 4, -r + 2*l - 16 = 0. Let i be r/(2/12*-1). Suppose -2*c + i = c. What is the units digit of c?
4
Let y = 3746 + -991. What is the units digit of y?
5
Let n(x) = x**3 - x**2 - x - 2. Let r be n(2). Suppose -d = 2*h - 0*d - 288, r = 2*h - 4*d - 298. What is the units digit of h?
5
What is the hundreds digit of 0 + (5 - 10/(-5) - -3633)?
6
Let z(u) be the first derivative of -13*u**4/4 - 2*u**3/3 - u**2/2 + 6. What is the units digit of z(-2)?
8
Suppose 5 = 7*l - 6*l. Suppose 72 + 14 = 3*p - l*r, 2*p + 5*r = 49. What is the units digit of p?
7
Suppose 24*r - 4788 = 46932. What is the hundreds digit of r?
1
What is the hundreds digit of (4/(3 - 1))/(4/638)?
3
Let i be ((-2 - -4)*-2)/(-2). What is the tens digit of (-1 - -2)*i*36?
7
Let h(c) = 37*c - 3. Let j be h(-3). Let n = j + 174. Let r = n - 27. What is the units digit of r?
3
Let f(z) = 3*z**2 + z - 4. Let n be 1 - -1 - 96/(-8). Let a = -16 + n. What is the units digit of f(a)?
6
Let r = -139 - -482. What is the hundreds digit of r?
3
Suppose -5*q = 0, -4*q = -2*c - c + 6123. What is the hundreds digit of c?
0
Suppose -13*l + 5298 = -3204. What is the hundreds digit of l?
6
Let c be (5/50 + 10/25)*8. Let b(d) = 3*d**2 - 1. Let k be b(-1). Suppose 0 = -c*w - 5*q + 29 + 3, k*w + 5*q = 6. What is the units digit of w?
3
Suppose 2*j - 7*j + 55 = 0. Let n be (0/5)/1 + j. Suppose 2*v + 3*t = 158, 5*t = v - n - 68. What is the units digit of v?
9
Suppose 3768 = 14*s - 10*s. What is the hundreds digit of s?
9
Let s be ((-6)/(-24))/(1/16). Suppose 389 = 3*d + 3*t - t, d - s*t - 139 = 0. What is the tens digit of d?
3
Let w(y) = -y**3 + 9*y**2 + 5*y + 11. Let k be w(8). What is the units digit of 7222/k + 1/5?
3
Let r(d) = -d - 16. Suppose 5*b = -45 - 20. Let u be r(b). What is the tens digit of -1*5*(u + 1)?
1
Let v = -41 + 46. Suppose v*n - 829 = -3*k, -k + 833 = 5*n - 0*k. What is the tens digit of n?
6
Let o = -41 + 46. Suppose -3 = -3*i + 3*u + 51, o*i + 4*u = 108. What is the tens digit of i?
2
Suppose 5*v - 16 = m, -6 = -v - 0*v + 3*m. Suppose -102 = v*n - 5*n + 3*f, 153 = 3*n - 2*f. What is the tens digit of n?
5
Suppose 38*y = 40*y + 10. Let b = y + 66. What is the tens digit of b?
6
Let q = 282 - -187. Let l = -217 + q. What is the units digit of l?
2
Let u = 74 + 57. Suppose 0 = -4*q + u + 109. What is the tens digit of q?
6
Let p = 1 - -1. What is the tens digit of ((-770)/30)/(p/(-6))?
7
Let k = 808 + -472. What is the tens digit of k?
3
Suppose v - 1502 = -w, 5*w + 10*v - 7508 = 7*v. What is the thousands digit of w?
1
Let o = 1 + -1. Suppose 2*n + 5*t - 14 - 21 = 0, n = t. Suppose 0*s - n*s + 20 = o. What is the units digit of s?
4
Let v be (2 - 5/(-2))*16/6. Suppose 7*u - v*u = -625. What is the hundreds digit of u?
1
Suppose 4*f + 8 = 4*u, f - 2 = -2*u - 4. What is the units digit of (55/(-44))/((3 + f)/(-44))?
5
What is the hundreds digit of (1654/6)/((9 - -1)/30)?
8
Suppose -4297 - 417 = -k - 3*f, -4*k + 5*f = -18873. What is the units digit of k?
7
Suppose -10*a = -8*a + 2*c - 1378, -3*c = -4*a + 2721. What is the units digit of a?
4
Suppose 2*y - 5*y + 12 = 0. Let n be (-84)/(-18) + y/(-6). Suppose -78 = -3*i + 3*z - 0*z, n*z + 4 = 0. What is the tens digit of i?
2
Let u(h) be the third derivative of -1/60*h**5 + 5/12*h**4 - 7*h**2 + 0 - 7/6*h**3 + 0*h. What is the units digit of u(9)?
2
Suppose -55 = -5*k + 5*z, -4*k - 3*z = -5*k + 1. Suppose -k = -3*h + 512. What is the units digit of h?
6
Let i be (-2)/(-1)*(0 - -1). Let g(f) = -5*f**i - 12*f + 6 + 2*f**2 + 7 + 4*f**2. What is the tens digit of g(12)?
1
What is the thousands digit of (-31)/(-62) + (-4823)/(-2)?
2
Let d(x) = -343*x**3 + 3*x**2 + 2*x - 2. Let n(r) = 515*r**3 - 4*r**2 - 3*r + 3. Let f(i) = 8*d(i) + 5*n(i). What is the tens digit of f(-1)?
7
Let h(m) = m**3 - 12*m**2 + 17*m - 42. What is the units digit of h(12)?
2
Suppose 5*y - 1632 = -3*k, 15*y + 2720 = 5*k + 10*y. What is the tens digit of k?
4
Let o(v) = -68*v - 1. Suppose -3*z + 2*j - 7 = 0, 0*j - 9 = z - 4*j. Let h be o(z). Suppose -6*s - h = -277. What is the units digit of s?
5
Let h = 942 + -615. Suppose 78*d - 75*d = h. What is the tens digit of d?
0
Let h = 38 + -37. Suppose -3*l + 8 + h = -4*a, 2*l = 4*a + 6. What is the units digit of l?
3
Suppose 6*a - 9*a + 15 = 0. Suppose a*o = 2*l + 175, 3*o - 4*l = o + 86. Suppose 6*u = 225 - o. What is the tens digit of u?
3
Suppose 0 = -4*u + 5*x + 414, 7*x - 2*x = -10. Suppose 0*s + u = s. What is the units digit of s?
1
Suppose a = -4*y + 87, 2*y + a - 41 = -0*y. Suppose 0 = 25*b - y*b - 102. What is the tens digit of b?
5
Suppose 4*j - 2371 = 3*j + 5*f, 4*j + 3*f - 9369 = 0. What is the tens digit of j?
4
Let q be 4*2*(-7)/(-14). Suppose k + q*n = 3*k + 550, -k - 3*n = 280. What is the tens digit of k/(-7) - (-44)/(-77)?
3
Let v(l) = 39*l**2 - 4*l + 19. What is the units digit of v(3)?
8
Let y(x) = 21*x + 7. Let g(h) = -2 - h + h - 6*h - h. Let f(o) = -11*g(o) - 4*y(o). What is the tens digit of f(-4)?
2
Let p(g) = 6*g + 2. Let u be p(-2). What is the units digit of 2/(-5) - 254/u?
5
Let k be 12/(-2 - (-12)/3). Let t(u) = 3*u - 4. Let i be t(k). Suppose 1 + i = f + 3*a, f = 5*a + 39. What is the units digit of f?
4
What is the hundreds digit of 6/((2/(-7))/((-4094)/23))?
7
Let p(n) = n**3 + 15*n**2 - 27*n + 212. What is the hundreds digit of p(10)?
4
Suppose -12*y - 7*y + 342 = 0. What is the tens digit of y?
1
Let c be ((-4)/(-6))/(5/60). Suppose 3*b + 5*o + 5 = 0, 0 = b + 4*b + o + 1. Suppose -c*s + 4*s + 72 = b. What is the tens digit of s?
1
Let z(n) = -5*n - 31. What is the units digit of z(-26)?
9
Suppose 0 = -138*t + 143*t - 2645. What is the tens digit of t?
2
Let j = -615 - -2379. What is the thousands digit of j?
1
Let h = -17 - -27. Suppose 0 = 3*i - 8*i + h. Suppose -3*f = -i*f - 7. What is the units digit of f?
7
What is the thousands digit of (-1 + (-21)/(-6))/((-2)/(-1284))?
1
Let d(j) = -2 + 3*j**2 + 98*j + j**2 + j**3 + 0*j**3 - 104*j. Let g be d(-5). Suppose -2*x - g*x + 60 = -5*c, -2*x = 4*c - 30. What is the tens digit of x?
1
Let m = -313 - -1273. What is the units digit of ((-18)/5)/((-36)/m)?
6
Suppose -1720 = -10*m + 17750. What is the units digit of m?
7
Let i = -17 - -17. Suppose -3*v + i*v = 2*x - 39, 4*x + 5*v = 75. What is the tens digit of x?
1
Let f be (-1387 + -1)*(-9)/(-18). Let k = -459 - f. What is the tens digit of k?
3
Let s = -20 + 25. Suppose -2*u = 5*t - 64 - 0, 86 = 3*u + s*t. What is the units digit of u?
2
Let s(a) = -a**3 + 10*a**2 - 17*a + 15. Let k be s(8). Suppose -k*p + 5*d = -8*p + 235, -2*p - 5*d = -490. What is the tens digit of p?
5
Let d = -1078 - -1883. What is the units digit of d?
5
Let d be (3/6)/(1/66). Let g = -31 + d. Suppose -2*m = g*s - m - 28, -m + 60 = 4*s. What is the tens digit of s?
1
Let l(m) = 2*m**2 - 36*m + 27. Let w be l(25). Suppose -w = -5*h + 503. What is the hundreds digit of h?
1
Let d be 3 + 3/(2/2). Let b be (d/(-5))/(9/(-30)). Suppose b*h = -3 - 1, -25 = -5*s + 5*h. What is the units digit of s?
4
Suppose 0 = -2*w + 2*i + 57 + 217, 5*w + i = 703. Let u be (w/(-12))/((-2)/(-6)). What is the tens digit of ((-938)/u)/(4/10)?
6
Suppose 59*k - 25908 = 8*k. What is the units digit of k?
8
Let v(i) be the second derivative of i**4/12 - 10*i**3/3 - 7*i**2/2 + 6*i. What 